{"id":29,"date":"2021-09-08T21:37:18","date_gmt":"2021-09-08T19:37:18","guid":{"rendered":"https:\/\/ummehralsmich.de\/?page_id=29"},"modified":"2021-09-21T19:10:25","modified_gmt":"2021-09-21T17:10:25","slug":"impressum","status":"publish","type":"page","link":"https:\/\/ummehralsmich.de\/home\/impressum\/","title":{"rendered":"Impressum"},"content":{"rendered":"\n<h2 class=\"wp-block-heading\"><\/h2>\n\n\n\n<p>Verantwortlich im Sinne des Presserechts und des \u00a7 10 MDStV \/ \u00a7 6 TDG:<\/p>\n\n\n\n<p>Kirchenkreis Essen<br>Pfarrer Jan Vicari<br>Marktkirche Essen<br>Telefon 0201 75 99 39 20<\/p>\n\n\n\n<p>B\u00fcro im Evangelischen Verwaltungsamt Essen<br>III. Hagen 39 | 45127 Essen<br>0201 2205 369<\/p>\n\n\n\n<h5 class=\"wp-block-heading\">Redaktion<\/h5>\n\n\n\n<p>Kirchenkreis Essen Referat f\u00fcr Presse- und \u00d6ffentlichkeitsarbeit<br>Stefan Koppelmann, Leiter Presse- und \u00d6ffentlichkeitsarbeit<br>Haus der Evangelischen Kirche<br>III. Hagen 39 | 45127 Essen<br>Telefon 0201 \/ 2205-221 | Mobil 0160.98580483<br>Fax 0201 \/ 2205-223<br><\/p>\n\n\n\n<h2 class=\"wp-block-heading\">Rechtliche Hinweise &amp; Haftungsausschluss<\/h2>\n\n\n\n<h3 class=\"wp-block-heading\">Inhalt des Onlineangebotes<\/h3>\n\n\n\n<p>Die Evangelische Kirche Essen \u00fcbernimmt keine Gew\u00e4hr f\u00fcr die Aktualit\u00e4t, Korrektheit, Vollst\u00e4ndigkeit oder Qualit\u00e4t der bereitgestellten Beitr\u00e4ge, Kommentare und Informationen. Haftungsanspr\u00fcche gegen die Evangelische Kirche Essen oder gegen die verantwortlichen Redakteure, welche sich auf Sch\u00e4den materieller oder ideeller Art beziehen, die durch die Nutzung oder Nichtnutzung der dargebotenen Informationen verursacht wurden, sind grunds\u00e4tzlich ausgeschlossen. F\u00fcr die einzelnen Beitr\u00e4ge und Kommentare sind ausschlie\u00dflich die jeweiligen Autoren verantwortlich!<\/p>\n\n\n\n<h3 class=\"wp-block-heading\">Verweise &amp; Links<\/h3>\n\n\n\n<p>Die Evangelische Kirche Essen bewertet den Inhalt der verzeichneten und verlinkten Web-Sites anderer Urheber zum Zeitpunkt der Aufnahme und es d\u00fcrfen nur solche aufgenommen werden, deren Inhalt nach Pr\u00fcfung zum Zeitpunkt der Aufnahme nicht gegen geltendes Recht versto\u00dfen hat. Der Kirchenkreis Essen hat keinerlei Einfluss auf die aktuelle oder zuk\u00fcnftige Gestaltung sowie auf die Inhalte der gelinkten und verkn\u00fcpften Seiten. Deshalb distanziert er sich ausdr\u00fccklich von allen Inhalten aller gelinkten und verkn\u00fcpften Seiten. Diese Freistellung gilt f\u00fcr alle innerhalb des eigenen Internetangebots gesetzten Links und Verweise sowie f\u00fcr Fremdeintr\u00e4ge in von der Evangelische Kirche Essen eingerichteten G\u00e4steb\u00fcchern, Diskussionsforen und Mailinglisten. F\u00fcr illegale, fehlerhafte oder unvollst\u00e4ndige Sch\u00e4den, die aus der Nutzung oder Nichtnutzung solcherart dargebotener Informationen entstehen, haftet allein der Anbieter der Seite, auf die verwiesen wurde; nicht derjenige, der \u00fcber Links auf die jeweilige Ver\u00f6ffentlichung lediglich verweist. Rechtswirksamkeit dieses<\/p>\n\n\n\n<h3 class=\"wp-block-heading\">Haftungsausschluss<\/h3>\n\n\n\n<p>Dieser Haftungsausschluss ist auch als Teil des Internetangebots zu betrachten, von dem aus auf diese Seite verwiesen wurde. Sofern Teile oder einzelne Formulierungen dieses Textes der geltenden Rechtslage nicht, nicht mehr oder nicht vollst\u00e4ndig entsprechen, bleiben die \u00fcbrigen Teile des Dokuments in ihrem Inhalt und ihrer G\u00fcltigkeit davon unber\u00fchrt.<\/p>\n","protected":false},"excerpt":{"rendered":"<p>Verantwortlich im Sinne des Presserechts und des \u00a7 10 MDStV \/ \u00a7 6 TDG: Kirchenkreis EssenPfarrer Jan VicariMarktkirche EssenTelefon 0201 75 99 39 20 B\u00fcro im Evangelischen Verwaltungsamt EssenIII. Hagen 39 | 45127 Essen0201 2205 369 Redaktion Kirchenkreis Essen Referat f\u00fcr Presse- und \u00d6ffentlichkeitsarbeitStefan Koppelmann, Leiter Presse- und \u00d6ffentlichkeitsarbeitHaus der Evangelischen KircheIII. Hagen 39 | [&hellip;]<\/p>\n","protected":false},"author":3,"featured_media":0,"parent":0,"menu_order":0,"comment_status":"closed","ping_status":"closed","template":"","meta":{"footnotes":""},"class_list":["post-29","page","type-page","status-publish","hentry"],"_links":{"self":[{"href":"https:\/\/ummehralsmich.de\/home\/wp-json\/wp\/v2\/pages\/29","targetHints":{"allow":["GET"]}}],"collection":[{"href":"https:\/\/ummehralsmich.de\/home\/wp-json\/wp\/v2\/pages"}],"about":[{"href":"https:\/\/ummehralsmich.de\/home\/wp-json\/wp\/v2\/types\/page"}],"author":[{"embeddable":true,"href":"https:\/\/ummehralsmich.de\/home\/wp-json\/wp\/v2\/users\/3"}],"replies":[{"embeddable":true,"href":"https:\/\/ummehralsmich.de\/home\/wp-json\/wp\/v2\/comments?post=29"}],"version-history":[{"count":4,"href":"https:\/\/ummehralsmich.de\/home\/wp-json\/wp\/v2\/pages\/29\/revisions"}],"predecessor-version":[{"id":185,"href":"https:\/\/ummehralsmich.de\/home\/wp-json\/wp\/v2\/pages\/29\/revisions\/185"}],"wp:attachment":[{"href":"https:\/\/ummehralsmich.de\/home\/wp-json\/wp\/v2\/media?parent=29"}],"curies":[{"name":"wp","href":"https:\/\/api.w.org\/{rel}","templated":true}]}}

<h2 class="wp-block-heading"></h2>



<p>Verantwortlich im Sinne des Presserechts und des § 10 MDStV / § 6 TDG:</p>



<p>Kirchenkreis Essen<br>Pfarrer Jan Vicari<br>Marktkirche Essen<br>Telefon 0201 75 99 39 20</p>



<p>Büro im Evangelischen Verwaltungsamt Essen<br>III. Hagen 39 | 45127 Essen<br>0201 2205 369</p>



<h5 class="wp-block-heading">Redaktion</h5>



<p>Kirchenkreis Essen Referat für Presse- und Öffentlichkeitsarbeit<br>Stefan Koppelmann, Leiter Presse- und Öffentlichkeitsarbeit<br>Haus der Evangelischen Kirche<br>III. Hagen 39 | 45127 Essen<br>Telefon 0201 / 2205-221 | Mobil 0160.98580483<br>Fax 0201 / 2205-223<br></p>



<h2 class="wp-block-heading">Rechtliche Hinweise &amp; Haftungsausschluss</h2>



<h3 class="wp-block-heading">Inhalt des Onlineangebotes</h3>



<p>Die Evangelische Kirche Essen übernimmt keine Gewähr für die Aktualität, Korrektheit, Vollständigkeit oder Qualität der bereitgestellten Beiträge, Kommentare und Informationen. Haftungsansprüche gegen die Evangelische Kirche Essen oder gegen die verantwortlichen Redakteure, welche sich auf Schäden materieller oder ideeller Art beziehen, die durch die Nutzung oder Nichtnutzung der dargebotenen Informationen verursacht wurden, sind grundsätzlich ausgeschlossen. Für die einzelnen Beiträge und Kommentare sind ausschließlich die jeweiligen Autoren verantwortlich!</p>



<h3 class="wp-block-heading">Verweise &amp; Links</h3>



<p>Die Evangelische Kirche Essen bewertet den Inhalt der verzeichneten und verlinkten Web-Sites anderer Urheber zum Zeitpunkt der Aufnahme und es dürfen nur solche aufgenommen werden, deren Inhalt nach Prüfung zum Zeitpunkt der Aufnahme nicht gegen geltendes Recht verstoßen hat. Der Kirchenkreis Essen hat keinerlei Einfluss auf die aktuelle oder zukünftige Gestaltung sowie auf die Inhalte der gelinkten und verknüpften Seiten. Deshalb distanziert er sich ausdrücklich von allen Inhalten aller gelinkten und verknüpften Seiten. Diese Freistellung gilt für alle innerhalb des eigenen Internetangebots gesetzten Links und Verweise sowie für Fremdeinträge in von der Evangelische Kirche Essen eingerichteten Gästebüchern, Diskussionsforen und Mailinglisten. Für illegale, fehlerhafte oder unvollständige Schäden, die aus der Nutzung oder Nichtnutzung solcherart dargebotener Informationen entstehen, haftet allein der Anbieter der Seite, auf die verwiesen wurde; nicht derjenige, der über Links auf die jeweilige Veröffentlichung lediglich verweist. Rechtswirksamkeit dieses</p>



<h3 class="wp-block-heading">Haftungsausschluss</h3>



<p>Dieser Haftungsausschluss ist auch als Teil des Internetangebots zu betrachten, von dem aus auf diese Seite verwiesen wurde. Sofern Teile oder einzelne Formulierungen dieses Textes der geltenden Rechtslage nicht, nicht mehr oder nicht vollständig entsprechen, bleiben die übrigen Teile des Dokuments in ihrem Inhalt und ihrer Gültigkeit davon unberührt.</p>

<p>Verantwortlich im Sinne des Presserechts und des § 10 MDStV / § 6 TDG: Kirchenkreis EssenPfarrer Jan VicariMarktkirche EssenTelefon 0201 75 99 39 20 Büro im Evangelischen Verwaltungsamt EssenIII. Hagen 39 | 45127 Essen0201 2205 369 Redaktion Kirchenkreis Essen Referat für Presse- und ÖffentlichkeitsarbeitStefan Koppelmann, Leiter Presse- und ÖffentlichkeitsarbeitHaus der Evangelischen KircheIII. Hagen 39 | [&hellip;]</p>
